 384 = -8*i + 1664. What is the greatest common divisor of i and y?
20
Let x(c) = -167*c + 3. Let z be x(-1). Let r = 240 - z. Suppose 0 = -4*s + 536 - 116. Calculate the highest common divisor of s and r.
35
Suppose 2*h - 895 = -5*q, -5*q - 77 = h - 537. Calculate the greatest common factor of h and 232.
29
Let k(a) = 121*a + 7. Let u(m) = -m - 1. Let o(f) = k(f) + 4*u(f). Let h be o(1). What is the highest common factor of h and 24?
24
Let u(q) = 4*q**2 + 33*q - 207. Let f be u(17). Calculate the greatest common factor of 10 and f.
10
Suppose -18*j + 1551 + 339 = 0. Suppose -4*i - 3*y + 174 = -6*y, 3*y + 6 = 0. Calculate the highest common divisor of j and i.
21
Suppose -2*f = -3*f + 2. Let d = 23 - 18. Suppose 1 = -d*c + 41. Calculate the highest common divisor of f and c.
2
Suppose 335 = 5*j + z, 5*z - z - 48 = -j. Suppose -5*l - 78 = f - 234, -2*l + f + j = 0. What is the greatest common factor of l and 32?
32
Suppose u + 115 = 2*u. Suppose -5*i = 2*i - 28. Suppose -i*v - 22 = -206. What is the highest common divisor of u and v?
23
Let s be (35/2)/(-7)*-6. Suppose 25*j - 22*j = 225. Calculate the greatest common divisor of s and j.
15
Suppose -n - 3 = -0. Let y be 1/(-1) + 5 + n. Let d = 2 - -5. What is the highest common divisor of d and y?
1
Suppose 0 = 3*o + 30 - 129. Let l = 35 + 64. Calculate the highest common factor of l and o.
33
Let s = 14 - 9. Suppose 3*d = 5*i + s*d - 69, -d - 3 = 0. Let p = 6 + 4. Calculate the greatest common factor of i and p.
5
Suppose 2*f = -0*f, 5*h = -4*f + 30. Let x be (h/5)/(20/250). Suppose 19*n = x*n + 324. Calculate the highest common factor of 27 and n.
27
Let p = -32 - -48. Suppose 0 = 2*n - 6*n + p. Suppose -4*u = -2*c + n*c - 70, 4*c + 31 = u. Calculate the highest common factor of u and 57.
19
Suppose -3*s - 5*t = 10, 2*s + 4*t + 5 = -s. Suppose -s*v + 2*v + 27 = 0. Let x = -137 + 236. Calculate the highest common factor of x and v.
9
Let r = 337 + -181. Calculate the greatest common divisor of r and 60.
12
Suppose 3*v = 16*v - 208. Let t = 60 + -28. Calculate the highest common factor of v and t.
16
Let o be 1/(-9)*-6*45/3. What is the highest common factor of 10 and o?
10
Let s = 74 - -267. Calculate the highest common divisor of 11 and s.
11
Let t be 6/(-1 + 4) - -6. Suppose 11*y - 540 = -12. Calculate the highest common divisor of y and t.
8
Let t(v) = 3 + 2*v - 3*v - 3. Let d(x) = -x + 1. Let y(p) = -d(p) + 3*t(p). Let i be y(-13). Calculate the greatest common factor of 10 and i.
5
Suppose 4*x - 36 = -5*x. Let i = -5 - -9. Calculate the greatest common divisor of i and x.
4
Let o = 9 - 3. Let n be 3/(-6)*(2 + -1 + -7). What is the highest common divisor of n and o?
3
Suppose 0 = -89*w + 86*w + 45. Calculate the greatest common factor of 375 and w.
15
Suppose 4*j = 3*m - 26, -13 = 3*m - 5*j - 41. What is the greatest common divisor of m and 168?
6
Let i = 8 + 12. Let r = i - -25. Calculate the greatest common factor of 9 and r.
9
Let a be (-147)/14*24/(-18). What is the greatest common factor of 26 and a?
2
Let t be 30/(-100) - 10584/(-80). Suppose 0 = -4*x + 2*x + 4. Suppose 0 = -x*m - m + 36. Calculate the highest common factor of m and t.
12
Let c be 24/18*2*39. Calculate the highest common divisor of c and 64.
8
Let o = 408 - 231. Calculate the greatest common divisor of 59 and o.
59
Suppose 5*v - 76 - 24 = 0. Suppose 599 - 199 = 5*a. What is the greatest common factor of a and v?
20
Let k = 45 + -27. Let a(j) = -j**2 - 26*j - 115. Let l be a(-10). Calculate the greatest common divisor of k and l.
9
Let m be (4/10)/(3/30). Let i(v) = v**2 - 2*v - 3. Let q be i(7). Calculate the greatest common factor of m and q.
4
Let f(i) = i**2 + 8*i - 1. Let k be f(-8). Let l = k + 4. Suppose 3*s + 4*q = 11, 2 = s + 2*q - l. Calculate the highest common factor of 11 and s.
1
Let f = -138 - -241. Let d = f - 76. What is the highest common factor of d and 54?
27
Let o(m) = -12*m**2 - 3 + 18*m**2 - 12*m**2 - m**3 + 7. Let l be o(-6). What is the greatest common factor of l and 32?
4
Suppose 9 = 3*y, -120 = 4*j - 3*y + 145. Let d = 79 + j. What is the highest common factor of d and 45?
15
Let p be (-60)/(-9) + (-2)/3. Suppose 0 = 7*k - p*k + 10. Let u = k + 12. What is the highest common factor of u and 16?
2
Suppose 3 = -2*t + 1. Let w(q) = 3*q**2 - 3*q - 2. Let g be w(t). Let k be (-19 - -15)*(-7)/g. Calculate the highest common factor of k and 70.
7
Suppose 118*y - 4466 = 60*y. Suppose i + 1 - 8 = 0. Calculate the highest common divisor of y and i.
7
Let k be 2*(75/(-6))/5. Let v(i) = i**3 + 11 + 5*i + 13*i**2 - 22*i**2 + 15*i**2. Let m be v(k). What is the greatest common factor of 121 and m?
11
Let q(u) = 9*u - 8. Let x be q(4). Suppose 3*g = -i + 16, -5*i + 144 = -2*g + g. What is the greatest common divisor of x and i?
28
Let n be (-10)/(-1) + -2*(6 - 9). What is the greatest common divisor of 8 and n?
8
Suppose -28*b + 371 = -749. Calculate the greatest common divisor of 160 and b.
40
Let d(j) = j**2 - 16*j + 33. Let o be d(24). What is the greatest common factor of 50 and o?
25
Let b be (-24)/36*(-654)/4. Let x = b + -98. Calculate the greatest common divisor of x and 44.
11
Suppose -i - 17 = -33. Let z(c) = -6*c - 20. Let r be z(-14). Calculate the greatest common divisor of r and i.
16
Let v = -75 - -80. Let h(d) = d**3 - 4*d**2 - 2*d + 1. Let c be h(v). Calculate the greatest common factor of c and 176.
16
Let o(z) = -18*z - 227. Let w be o(-14). Let y(c) = -24*c + 1. Let n be y(-1). Calculate the greatest common divisor of w and n.
25
Let g be (-814)/(-4) + 1/2. Suppose 3*u + 3*s - 201 = 0, -4*u + 64 = -5*s - g. Let b = 14 + u. What is the highest common factor of b and 9?
9
Let i = 11 - -2. Let v(g) = g**3 - 12*g**2 - 13*g + 11. Let r be v(i). Let f = -46 - -101. Calculate the greatest common factor of r and f.
11
Suppose 2*p - 20 - 148 = 0. Let w(m) = m**3 + 50*m + 28. Let r be w(0). What is the highest common divisor of p and r?
28
Let j be (1/3)/((-5)/(-1245)). Suppose 5*x = -4*g - j, -52 - 1 = 3*x + 4*g. Let s be x*((-6)/2 + 0). Calculate the greatest common factor of 9 and s.
9
Let b be (12/9)/(((-24)/(-9))/8). What is the highest common divisor of b and 14?
2
Suppose 4*c = 5*c - 126. Let h(f) = 2 + 42*f - 94*f + 40*f. Let d be h(-1). What is the greatest common factor of d and c?
14
Let q be -1 - -4*21/(-12). Let c(y) = y**2 + 9*y + 2. Let b be c(q). Let v(f) = -2*f + 3. Let z be v(b). What is the highest common factor of z and 30?
15
Let m = 46 + -110. Let h = m - -106. What is the highest common divisor of h and 12?
6
Let f(y) = y + 11. Let a be f(-9). Suppose -g - a*g = -828. Suppose l - g = -100. Calculate the greatest common divisor of 16 and l.
16
Let i be (-7 + -1)/(-1 - 1). Suppose i*u + u = -180. Let m = u + 60. What is the highest common factor of 36 and m?
12
Suppose 3 = -8*m + 91. Suppose -2*q + 5*h = -6*q + 504, 0 = -4*q + 4*h + 468. Calculate the highest common divisor of q and m.
11
Let a(c) = 2*c + 5 - c**2 - 9*c - 10*c + 0*c. Let l be a(-15). Calculate the highest common divisor of 5 and l.
5
Let u be 1*(-2 - (2 - 0)). Let q be (-3 + 30/(-8))*u. Let j = 38 - q. What is the highest common factor of 121 and j?
11
Suppose 2*h + 53 = 3*k, -40 = -4*k - h - 4*h. Let r = k - 9. Let a = 100 + -58. Calculate the highest common factor of a and r.
6
Let i(y) = y + 2. Let l be i(7). Let u = 207 - 144. Calculate the highest common divisor of l and u.
9
Let t be ((-16340)/(-570))/((-4)/(-6)). Suppose 46 = h + v, h - 88 = -4*v - 33. Calculate the highest common factor of h and t.
43
Suppose z + 5 = 0, 3*n + 2*z = -374 + 3340. Calculate the highest common divisor of n and 4.
4
Let a(j) = j**2 + 27*j - 73. Let w be a(-31). What is the highest common divisor of w and 255?
51
Suppose -187 = -8*t + 61. What is the highest common factor of t and 403?
31
Let y(u) = -2*u**3 + 11*u**2 - 5*u + 3. Let n be y(5). Calculate the highest common factor of 3 and n.
3
Let o(s) = -2*s**3 + s**2 + 3*s - 4. Let z be o(-3). Let l = 82 - z. What is the highest common factor of l and 8?
8
Let r be (-8698)/18 - (-8)/36. Let w be r/(-9) - (-6)/(-9). Suppose 5*v + 5*z - 85 = 0, 7*v - z = 3*v + w. Calculate the greatest common factor of v and 70.
14
Let p(m) be the second derivative of -4*m + 1/3*m**4 - 